3 - 3*y**2 - 5*y - 7. What is the units digit of b(g)?
8
Suppose -38 - 58 = -4*q. Suppose -12 = -3*j + q. What is the units digit of j?
2
Let g be 0/2*2/(-4). Let y = g + 10. What is the tens digit of y?
1
Suppose -5*u + 2 + 28 = 0. Suppose 2*c + 18 = 2*p, -3*c - 3*p + 0 = 3. Let m = u - c. What is the tens digit of m?
1
Let v = -7 + 12. Let f(p) = p**2 + 3 - 4 - v*p**3 + 0*p**3 - p**3. What is the units digit of f(-1)?
6
Let a(h) = -4*h - 15. Let j be a(-6). Suppose j*c = 11*c - 66. What is the tens digit of c?
3
Let y = 170 + -85. What is the tens digit of y?
8
Suppose 85 = d + 4*d. Let c = -9 + d. What is the units digit of c?
8
Let k(n) = n**3 - 8*n**2 + 10. What is the tens digit of k(9)?
9
Let m(b) be the second derivative of -b**4/12 - 7*b**3/6 - 3*b**2 - b. What is the units digit of m(-4)?
6
Suppose -251 = -3*b - 4*a + 123, 5*a = b - 131. What is the hundreds digit of b?
1
Let i(a) = -a**3 + a**2 + 3*a + 4. What is the units digit of i(-3)?
1
Let g(j) be the second derivative of -j**5/20 + 2*j**4/3 - j**3/6 + 11*j**2/2 - 2*j. What is the units digit of g(8)?
3
Let h be 0*(2 + 3/(-2)). Suppose h = 3*n - 9 + 3. Suppose -n = -5*m + 3*m. What is the units digit of m?
1
Let z = 16 - 9. Let g(t) = -t**3 + 6*t**2 - 3*t - 4. Let r be g(4). Let x = r - z. What is the units digit of x?
9
Suppose -3*r + 96 = -6. What is the tens digit of r?
3
Let g(n) = -7 - 3*n - 11*n**2 - n**3 + 3*n**2 + n. Suppose 2*j + 10 = -6. What is the units digit of g(j)?
9
What is the units digit of (-4)/18 - (-10021)/99?
1
Let l(z) be the third derivative of -z**4/24 - z**3/3 + 2*z**2. Let k(s) = s**2 - 8*s - 3. Let b be k(8). What is the units digit of l(b)?
1
Suppose 3*u - 2*u = 0. Suppose u = -2*f - f + 36. Suppose -40 = -2*b - f. What is the units digit of b?
4
Let w = 3 + 0. Suppose -w*v - 22 - 8 = 0. What is the units digit of 1/(-2)*(v - 4)?
7
Let a(x) = 7*x**2 + 2*x - 4. What is the units digit of a(2)?
8
Let f = -18 + 20. Let g(i) = 13*i**2 + 3*i - 2. What is the units digit of g(f)?
6
Suppose -3*u = s + 29, -u + 0*s = s + 11. Let o = u - -12. What is the units digit of o?
3
Let l(o) be the first derivative of -1/2*o**2 - 2 + 9*o. What is the units digit of l(0)?
9
Let z(a) = 35*a**3 + 10*a**2 + 7*a + 7. Let o(j) = -12*j**3 - 3*j**2 - 2*j - 2. Let i(k) = -7*o(k) - 2*z(k). What is the units digit of i(1)?
5
Let t(g) = g**3 - 6*g**2 + 4*g - 6. Let d(n) = -6*n**3 - n**2 + 1. Let v be d(-1). What is the tens digit of t(v)?
1
Let n be 3/2*(-8)/(-6). Suppose n = 3*r - 1. Suppose -1 - r = -2*h. What is the units digit of h?
1
What is the hundreds digit of (1 + -3)*(-2235)/30?
1
Let n(p) = 2*p + 3 - p**3 - 6*p + 0*p**2 + 3*p**2. Let b be n(2). Let w = 1 - b. What is the units digit of w?
2
What is the tens digit of 680/(-34)*11*2/(-5)?
8
What is the tens digit of (1*(-6)/2)/((-12)/760)?
9
Suppose -i + 77 = 19. What is the units digit of i?
8
Suppose 2*k - 4*i = 70, -16 + 111 = 3*k - 4*i. Suppose k = 5*h, 30 = -4*s + h + 137. What is the tens digit of s?
2
Let h = 3 - 5. Let o(y) = y + 4. What is the units digit of o(h)?
2
Suppose r - 1 = -0*r. Suppose 0 = b - 2 - r. What is the units digit of b?
3
Let y be (3 + -4 + 2)*5. Suppose 0 = -5*j + y*f - f + 49, -5*j - 5*f = -85. What is the tens digit of j?
1
What is the units digit of 24/2 - (2 - -1)?
9
Let m = 20 + -3. Suppose 4*i - 20 = 20. Let b = m - i. What is the units digit of b?
7
What is the units digit of (1/(-4))/(11/(-44))?
1
Let c = -82 - -116. What is the tens digit of c?
3
Suppose 2*r + 6*n = n + 35, 5*r + 5*n = 80. Let v = r + -11. Suppose 24 = v*i - 6*q + q, -q = -4. What is the units digit of i?
1
Suppose -135 = -a - a + r, -a + 4*r = -78. What is the units digit of a?
6
Let p = 27 + -2. Suppose -p = 2*m - 7*m. What is the units digit of m?
5
Suppose -4*x + 174 = 4*o - 86, 0 = -2*o - 4*x + 126. Let z = -47 + o. What is the units digit of z?
0
Suppose -38 = -c - 7. What is the units digit of c?
1
Let j = -46 - -22. Let k = j + 46. What is the units digit of k?
2
Let w = -81 - -171. What is the tens digit of w?
9
Let r = -9 - -11. Suppose r*h + 2*h - 60 = 0. What is the tens digit of h?
1
Let q be 2/(-2*3/78). Let x = -56 - -95. Let s = x + q. What is the units digit of s?
3
Suppose -n = 5*b - 97, n - 4*b + 5 - 57 = 0. What is the units digit of n?
2
Let f(l) = l**3 - 4*l**2 + 2*l + 4. Let d be f(5). Suppose 5*j - 5*k + 33 = -k, -d = 3*j + 4*k. Let b = j + 20. What is the units digit of b?
1
Let m be -1 + (-1 - -1) - 8. Let x(k) = k**3 + 9*k**2 + 4. What is the units digit of x(m)?
4
Let l be 3 + -1 - (1 + -1). Suppose -3*q + 37 + l = 0. What is the tens digit of q?
1
Let p(z) = -13*z**3 + 2*z**2 - 8*z - 13. Let y(j) = -7*j**3 + j**2 - 4*j - 7. Let o(q) = -6*p(q) + 11*y(q). What is the tens digit of o(3)?
3
Let y be (7 + -8)*(-2 + 0). Suppose -3*n + 120 = y*n. What is the tens digit of n?
2
Suppose 0 = 5*j - 5*c - 303 + 13, 4*j = -3*c + 197. What is the units digit of j?
3
Let o be 1*1/(-3)*0. Let b = o + 6. Suppose 0 = -3*u - 3, b*v + 3*u = 2*v + 21. What is the units digit of v?
6
Suppose 3*m = 2*m + 69. What is the units digit of m/21 + (-2)/7?
3
What is the units digit of -4 - (-73 - (1 + -4))?
6
Let s = 13 - 8. Let a(w) = 3*w - 6. What is the units digit of a(s)?
9
Let k = 3 + 2. What is the units digit of k?
5
Suppose -g + 2*t = -3, 5*t + 2 + 13 = 5*g. Suppose -g*v + r + 2*r + 18 = 0, -r = 3*v + 2. What is the units digit of v/(-2) - (-36)/8?
4
Suppose -3*g + 4*g + 19 = -d, -4*g - 31 = -5*d. What is the units digit of 21/g*20/(-3)?
0
Let u = 57 - -66. Let c = u + -51. Suppose 0 = w + 3*w - c. What is the units digit of w?
8
Suppose -1078 = -9*j + 308. What is the hundreds digit of j?
1
Let k be 2/2*(-1 + 5). Suppose 4 = 4*z - k. Suppose 0 = 6*j - z*j - 4. What is the units digit of j?
1
Let g = 0 - -2. Let f be 15/2 + (-1)/g. Let i = f + 0. What is the units digit of i?
7
Suppose 6 - 26 = -2*d. What is the units digit of d?
0
Suppose -79 = -4*u + 3*v, 0 = 4*u - 7*v + 2*v - 73. Suppose -u = -4*h + 2. What is the units digit of h?
6
Suppose v = -3*z + 45, 4*z - 84 = -3*v + v. What is the units digit of v?
6
Suppose -2*n + 3 = 3*s, -3*n - 3*s = -0 - 9. Suppose 40 = -h + n*h. What is the units digit of h?
8
Let r = -14 - -18. Suppose -40 = -5*i + l, -5*i + r*l = -0 - 25. What is the units digit of i?
9
Let g(y) = 4*y - 1. Let n = 0 + 2. What is the units digit of g(n)?
7
Suppose -4*w + 4*n + 41 = -n, 2*w + 5*n + 17 = 0. Suppose w*t - 4 = 4. What is the units digit of t?
2
Suppose -3*d + 5*d - 180 = -g, d = 5*g + 68. Let r = -52 + d. Let u = r + -25. What is the units digit of u?
1
Let r(p) = 2*p**2 + 13*p + 18. What is the units digit of r(-8)?
2
Suppose 0*f - 5*m - 76 = -2*f, 0 = f - 3*m - 40. Let n = -16 + f. What is the tens digit of n?
1
Let g(x) = 2*x**3 + 4*x**2 - 6*x - 6. Let j(l) = 3*l**3 + 4*l**2 - 6*l - 7. Let m(t) = -4*g(t) + 3*j(t). What is the units digit of m(5)?
8
Let s(n) = -n**2 - n. Let r be s(0). Suppose -7*a + 3*a = -u + 25, r = 4*a + 20. Suppose -2*j = -7 - u. What is the units digit of j?
6
Let q(r) be the first derivative of 28*r**3/3 - r + 2. Let z be q(-1). What is the units digit of 4/(-18) - (-87)/z?
3
Let k be (4/(-3))/(1/3). Let q(i) = -4*i. Let r be q(k). Suppose 4*j - r = -0*j. What is the units digit of j?
4
Let u be -2 - (-4 - (-2)/1). What is the tens digit of 31/((u - 2) + 3)?
3
Let b(z) = z**3 + 2*z**2 + 2*z - 1. Let p be b(-2). Let t = 10 + p. Suppose 5*q - 53 - 7 = -5*d, -4*d = -t*q - 3. What is the units digit of d?
7
Let k(a) = -a + 6. Let j be k(-7). Suppose -5*t - 55 = -5*o, -o + 2*t + 0 = -j. What is the units digit of o?
9
Let w = -14 - -42. What is the tens digit of w?
2
Suppose -4*j + 6*j - 26 = 0. Suppose 4*p = 3*p + j. What is the tens digit of p?
1
Let b = 13 + -11. What is the units digit of 4*2*b/4?
4
What is the tens digit of 354/10 + 2/(-5)?
3
Let w(u) = 2*u + 0 + 7 - u. Let g be w(-7). Suppose g = p + 2*l - 12, 0 = 2*l - 4 - 6. What is the units digit of p?
2
Let w(g) = g**3 + 11*g**2 - g + 1. What is the units digit of w(-9)?
2
Let t be (-1)/2 - (-26)/(-4). Suppose 0 = 2*s + 2*n + 30, -2*s + 5*n - 40 = -10. Let k = t - s. What is the units digit of k?
8
Let k be (-1)/(-3) + 11/3. Suppose d = -k*n - 2, 0*d - 5*d - n = -85. What is the tens digit o